20867 and 51?
17
Calculate the greatest common divisor of 18324985 and 35.
35
What is the highest common factor of 50 and 5611575?
25
Calculate the greatest common divisor of 278789680 and 120.
40
What is the highest common factor of 46 and 967465077?
23
Calculate the greatest common divisor of 140751334 and 1918.
274
Calculate the greatest common divisor of 1898 and 23301746.
1898
What is the highest common factor of 6479 and 6041563?
209
What is the highest common divisor of 321125 and 1138067?
2569
Calculate the highest common factor of 528 and 13904352.
528
Calculate the highest common divisor of 65302 and 12154.
206
Calculate the greatest common divisor of 15360126 and 24.
6
What is the highest common factor of 10 and 26261755?
5
Calculate the highest common factor of 25470 and 104562.
18
What is the greatest common divisor of 1272 and 6343093?
53
Calculate the greatest common factor of 16298 and 1558576.
58
Calculate the greatest common factor of 19636782 and 356.
178
Calculate the highest common factor of 58788 and 90738.
1278
What is the greatest common factor of 304 and 41521061?
19
What is the highest common factor of 1561 and 32100404?
1561
What is the highest common divisor of 528 and 1143748452?
132
What is the highest common factor of 2532920 and 208?
104
Calculate the greatest common factor of 234494 and 8294.
754
What is the greatest common factor of 240918426 and 108?
18
What is the highest common divisor of 61285 and 41735?
85
What is the highest common divisor of 35 and 18925055?
5
What is the highest common divisor of 9464 and 257660?
52
What is the highest common divisor of 827578713 and 3677?
3677
What is the highest common divisor of 22810453 and 10319?
607
What is the highest common divisor of 928405866 and 6?
6
Calculate the highest common factor of 8955943 and 298.
149
What is the greatest common divisor of 96865601 and 9261?
343
What is the greatest common factor of 110175 and 20176150?
2825
What is the greatest common divisor of 3869198 and 138?
46
What is the highest common divisor of 13636 and 35098?
14
What is the highest common divisor of 12 and 1525072?
4
What is the highest common factor of 2337095 and 12975385?
6935
What is the highest common divisor of 14263324 and 4526?
146
Calculate the highest common factor of 722 and 2783690.
38
Calculate the highest common factor of 75 and 274370385.
15
What is the greatest common divisor of 127807901 and 2639?
377
What is the greatest common factor of 38540 and 119740?
20
What is the highest common divisor of 286 and 883517063?
143
Calculate the highest common divisor of 6100428 and 15376.
3844
Calculate the highest common factor of 3048206 and 21988.
478
Calculate the greatest common divisor of 6620 and 66485.
5
What is the highest common divisor of 43060 and 695?
5
What is the greatest common factor of 109417 and 8203041?
539
Calculate the greatest common factor of 5613982 and 33.
11
What is the highest common divisor of 528 and 10323852?
132
Calculate the highest common divisor of 332 and 28926247.
83
What is the greatest common divisor of 182 and 304330?
26
Calculate the greatest common factor of 5696 and 495744.
64
Calculate the highest common factor of 53797 and 33651193.
2339
What is the highest common factor of 836 and 9321856?
76
Calculate the highest common divisor of 239168501 and 572.
143
What is the highest common factor of 337158 and 10278?
18
What is the highest common factor of 39264 and 4320?
96
Calculate the highest common divisor of 34275217 and 673.
673
Calculate the greatest common factor of 718449 and 89673.
213
What is the greatest common factor of 9600 and 114144?
96
Calculate the highest common divisor of 28545 and 281985.
165
What is the greatest common divisor of 10143 and 144877?
23
What is the greatest common divisor of 571568 and 77840?
2224
What is the highest common factor of 1573 and 52250?
11
Calculate the greatest common factor of 33029316 and 12327.
1761
Calculate the greatest common divisor of 7239 and 52858.
19
Calculate the highest common factor of 5533928 and 3096.
344
What is the highest common factor of 1470 and 757400595?
735
Calculate the highest common factor of 2089468 and 304.
76
What is the greatest common factor of 19488 and 256683?
21
What is the highest common factor of 18999884 and 8980?
1796
Calculate the greatest common divisor of 72301 and 112517368.
4253
Calculate the highest common divisor of 208 and 172770.
26
What is the highest common divisor of 4279611 and 315?
21
Calculate the greatest common factor of 1035 and 2799.
9
Calculate the highest common factor of 11800 and 12899465.
295
What is the greatest common factor of 4533284 and 4580?
916
Calculate the highest common factor of 819 and 33622134.
273
What is the greatest common factor of 410859 and 50247?
27
Calculate the highest common factor of 1734906 and 138.
6
Calculate the highest common divisor of 5992 and 114576028.
2996
What is the greatest common divisor of 1289666 and 14?
14
What is the highest common factor of 90324976 and 16?
16
Calculate the greatest common divisor of 604 and 8137843.
151
What is the highest common divisor of 2894975 and 18275?
1075
What is the greatest common factor of 4403698 and 130?
26
What is the highest common factor of 2205669 and 2439?
813
Calculate the greatest common divisor of 42733264 and 24472.
1288
Calculate the greatest common divisor of 1548 and 2370187692.
1548
Calculate the highest common divisor of 34 and 156017024.
34
What is the greatest common divisor of 1139062167 and 1431?
477
What is the highest common divisor of 402 and 825360?
6
Calculate the highest common factor of 5685760 and 10880.
640
Calculate the greatest common divisor of 1909180 and 7748.
52
Calculate the highest common divisor of 83835 and 564732.
243
What is the highest common divisor of 156 and 1217547006?
78
Calculate the greatest common factor of 75369 and 999222.
777
Calculate the greatest common factor of 268245 and 18.
9
Calculate the highest common factor of 19465 and 10931.
17
What is the greatest common factor of 121228 and 1922?
2
What is the greatest common factor of 235816 and 5432?
56
Calculate the greatest common divisor of 751370 and 16344.
454
What is the greatest common divisor of 681105246 and 9816?
2454
Calculate the greatest common divisor of 6453861 and 183.
183
Calculate the highest common divisor of 28 and 39377443.
7
What is the highest common factor of 527959156 and 228?
76
What is the greatest common factor of 13365 and 55495?
55
Calculate the greatest common factor of 7661 and 2353807.
47
Calculate the highest common factor of 34399572 and 180.
12
Calculate the highest common divisor of 96646 and 130621462.
8786
Calculate the highest common divisor of 22924 and 15652924.
2084
Calculate the highest common factor of 22532 and 3840072.
172
What is the highest common factor of 434796 and 19092?
12
Calculate the greatest common divisor of 7155 and 4353885.
135
What is the greatest common factor of 1218755 and 120?
5
Calculate the greatest common factor of 235 and 16794134.
47
What is the highest common divisor of 16141972 and 34496?
2156
What is the highest common factor of 1215 and 74709?
27
What is the highest common factor of 185 and 524142?
37
What is the highest common divisor of 759 and 9455116?
253
What is the highest common factor of 31679 and 6635347?
401
Calculate the greatest common factor of 476 and 53444668.
68
What is the highest common divisor of 693 and 2933406?
63
Calculate the greatest common factor of 12322489 and 6255.
139
Calculate the highest common divisor of 18018594 and 117.
9
What is the greatest common factor of 334 and 72866?
2
Calculate the greatest common factor of 314 and 9534.
2
What is the highest common factor of 12848 and 5736048?
1168
What is the highest common divisor of 17849 and 60998271?
1373
Calculate the greatest common divisor of 463983160 and 40.
40
What is the highest common factor of 9682850 and 275?
25
What is the greatest common factor of 1816321 and 10075?
403
Calculate the greatest common divisor of 879 and 255108947.
293
Calculate the greatest common divisor of 75153712 and 32.
16
Calculate the greatest common divisor of 46129082 and 232.
58
Calculate the highest c